 remainder when l is divided by 22?
1
Suppose -4 = -4*t + 80. Calculate the remainder when 309/(-4)*(-112)/84 is divided by t.
19
Let v(m) = 46*m - 203. Calculate the remainder when v(37) is divided by 10.
9
Let v = 1 + -7. Let y be 84/147*(-7)/2. Let n = y - v. What is the remainder when 31 is divided by n?
3
Suppose 0 = 16*w - 450 - 462. Calculate the remainder when 620 is divided by w.
50
Let j(z) = 192*z + 2383. Calculate the remainder when j(-10) is divided by 237.
226
Suppose 3*h - h - 3*r - 712 = 0, -4*h = 2*r - 1456. Suppose 0 = 3*k + 149 - h. What is the remainder when k is divided by 27?
17
Let p = -410 + 651. Let q = 260 - p. Calculate the remainder when q is divided by 5.
4
Let u = 2735 - 2568. Calculate the remainder when u is divided by 14.
13
What is the remainder when 131 is divided by 207/(23/((-207)/(-27)))?
62
Suppose -110*z - 80 = -120*z. Suppose z*q + 64 = 104. Let v(h) = -3*h**3 - h**2 - 2*h - 2. Calculate the remainder when v(-2) is divided by q.
2
Suppose 5*x + 56 = 5*o - 99, x - 77 = -2*o. Calculate the remainder when (-1)/((-10)/25*5/716) is divided by o.
34
Let m(u) = -35*u + 196. Suppose 2*t - 2 = -2*a, -4*t = 2*a - 4*a + 26. What is the remainder when 122 is divided by m(a)?
17
Let x(m) = m**3 + 24*m**2 - 103*m - 64. Calculate the remainder when x(-26) is divided by 115.
112
Let m(x) = 2 + 2*x - x - 5*x + 19. Let f be m(4). Suppose 8*j = f*j + 6. Calculate the remainder when 2 is divided by j.
0
Let o = -4642 + 4777. Calculate the remainder when 409 is divided by o.
4
Let g(j) = 4*j**2 - 131*j + 96. What is the remainder when g(39) is divided by 170?
51
Suppose -5*s + 0*s - 3*m = 63, -3*m = -2*s - 21. Let v be s/(-3)*18/12. Suppose -13*c = -v*c - 448. Calculate the remainder when c is divided by 18.
10
Let f = 614 - 577. Suppose 2*u + 5*w = 29, -20 = -5*u + 5*w - 0. Calculate the remainder when f is divided by 2/u + (-393)/(-21).
18
Let u(d) = -127*d + 158. Let a = -211 - -253. What is the remainder when u(-7) is divided by a?
39
Let a(y) = 4*y**2 + 6*y + 1. Suppose 18204*r + 703 = 18309*r - 767. Calculate the remainder when a(-4) is divided by r.
13
Let s(b) = -b**3 + 13*b**2 + 21*b + 6. Let c(y) = y**2 + y. Let f(q) = -5*c(q) + s(q). Calculate the remainder when f(9) is divided by (-174)/(-7) - (-19)/133.
19
Let t = -202 - -360. Suppose 0 = -2*k - t + 290. What is the remainder when k is divided by 29?
8
Suppose -3*o - 5*t - 6 = -4*t, 10 = -o - 3*t. Suppose j + 112 = 5*j. What is the remainder when j is divided by (-1 + (o - -1))/((-12)/180)?
13
Let m = -9 + 36. Suppose 61*j + 161 = 64*j - l, 0 = -j + 7*l + 87. Calculate the remainder when j is divided by m.
25
Let y(p) = -p**3 + 28*p**2 - 177*p - 16. Let h be (-6)/(1 + (-10)/4). Suppose -h*f - 219 = -7*f. What is the remainder when f is divided by y(18)?
35
Let p be (-1)/3 - (-1276)/3. Suppose 40*c - 23*c - p = 0. What is the remainder when 398 is divided by c?
23
Let h = 1807 - 1597. Calculate the remainder when 256 is divided by h.
46
Suppose 0 = -6*w + 9*w. Suppose 3*j - 3*f + 8*f - 201 = w, -3*f = -3*j + 201. What is the remainder when 334 is divided by j?
66
Let q = 592 + -599. Let r(b) = -22*b - 99. Calculate the remainder when r(q) is divided by 11.
0
Suppose -14*w = 39*w - 12720. What is the remainder when w is divided by 26?
6
Suppose 3*c - 13 - 53 = 0. Suppose c - 134 = -7*l. Calculate the remainder when l is divided by 8.
0
Suppose -13*g = 8*g - 1704 - 669. What is the remainder when 2036 is divided by g?
2
Let k = 5837 + -5807. What is the remainder when 455 is divided by k?
5
Let z = -32571 + 32641. Let b(n) = n**2 - 7*n + 4. Let u be b(6). Calculate the remainder when z is divided by 1/(75/36 + u).
10
Let x = 18988 + -18813. What is the remainder when 1920 is divided by x?
170
Suppose 2500 = 107*u - 710. What is the remainder when 5484 is divided by u?
24
Suppose 84*m + 290 - 500 = 630. Calculate the remainder when 2/(2 - 648/326) is divided by m.
3
Calculate the remainder when 454 is divided by -2 - (-2 - 25) - (9 + -32 - -23).
4
Let m(c) = -26*c - 761. Calculate the remainder when 108 is divided by m(-31).
18
Suppose -325 = -3*b + 2*m, -18*b + 15*b + 319 = m. Suppose -15 = -2*x + 3. What is the remainder when b is divided by x?
8
Let v(n) = 13*n**2 - 217*n - 9. Let b(a) = -63*a + 458. Let p be b(7). Let m(l) = 2*l**2 - l - 5. What is the remainder when v(p) is divided by m(4)?
13
Suppose 4*m - 17535 = 2274*b - 2269*b, 0 = m + 2*b - 4413. What is the remainder when m is divided by 90?
75
Let i(x) = 7*x - 245. Suppose 46 - 137 = -3*d - 4*w, 5*w - 123 = -4*d. What is the remainder when 44 is divided by i(d)?
2
Let n(l) = 3*l**2 - 32*l - 7. Let a be n(11). Let x(d) = 3*d**3 - 3*d**2 - 4*d + 10. What is the remainder when x(a) is divided by 28?
26
Let g be 2*-1*4/8*-12. Suppose 0 = g*o + o - 130. What is the remainder when 56 is divided by o?
6
Suppose -4*k = k - 75. Let u = -4 + k. Let b = 139 + -96. Calculate the remainder when b is divided by u.
10
Let x = -25 - -43. Suppose -80*n = -72*n - 872. Suppose -108*u + n*u - 52 = 0. What is the remainder when u is divided by x?
16
Suppose -g = 2*a - 4, 3*a + a + 48 = 2*g. Suppose 165*l + 252 = 169*l. Calculate the remainder when l is divided by g.
7
Let x = -24 + 9. Let m be 2*160/x*(2 + 1). Let i = -62 - m. What is the remainder when 6 is divided by i?
0
Suppose 69*h = 72*h + r - 241, -h + 85 = 5*r. What is the remainder when h is divided by 58?
22
Let x(o) = -4*o**2 + 13 - 14 + o - 2*o + 2*o**3 + 4. Let z = 5 - 2. What is the remainder when x(z) is divided by 4?
2
Suppose -11 - 19 = l. Let z = l + 92. Let o = z + -31. What is the remainder when o is divided by 12?
7
Suppose y - 1633 = -627. Calculate the remainder when y is divided by 66.
16
Let m be ((-2)/10 - 28/(-15))*237. Let k = m - 391. What is the remainder when 25 is divided by k?
1
Suppose -544 + 1684 = 6*g. Let y = g + -144. Calculate the remainder when 227 is divided by y.
43
Let c be (2 - (9 + 2)) + 1/1. What is the remainder when 214/2 - (c + 10)/(-1) is divided by 39?
31
Suppose -107*b = -126*b - 52 + 1477. What is the remainder when 4274 is divided by b?
74
Let u = 930 + -929. Calculate the remainder when (u*(165 - -7))/2 is divided by 21.
2
Let b(h) = -353*h**2 + 4581*h - 17. What is the remainder when b(9) is divided by 263?
258
Let i = 226 + -143. Let n(t) = -33*t - 18. Let f be n(1). Calculate the remainder when i is divided by f/(-2)*20/30.
15
Suppose 0 = a, -3*a = -2*t + 13 - 3. Let s(c) = -9*c - t - 3 - 4*c**2 - 6 - c**3. Calculate the remainder when s(-4) is divided by 3.
1
Suppose -4*d = -3*u - 130 - 191, d = -4*u + 85. Suppose -16*x + 585 = -167. Calculate the remainder when d is divided by x.
34
What is the remainder when 689 is divided by (-114)/342 - (-1 + 458/(-6))?
73
Let l = 453 + -213. Suppose -l*u = -220*u - 260. Calculate the remainder when 87 is divided by u.
9
Suppose 267 = 27*p - 408. Suppose p*t - 19*t - 426 = 0. Calculate the remainder when t is divided by 28.
15
Let l be ((-11)/(-44))/(2/72). Suppose l + 51 = 6*w. What is the remainder when 139 is divided by w?
9
Let c(g) = -19*g + 75. Let z be c(5). Calculate the remainder when 141 is divided by (-94)/(-4)*8/z*-5.
0
Let i = 979 + -960. Calculate the remainder when 1367 is divided by i.
18
Let k = 463 - 274. Calculate the remainder when 749 is divided by k.
182
Suppose 7*j - 398 - 248 = -27*j. What is the remainder when 474 is divided by j?
18
Let z(m) = -29*m + 19. Let g(v) = -v**2 + 10*v + 5. Let w be g(11). Let t(o) = o**3 + 11*o**2 - 13*o + 3. What is the remainder when z(w) is divided by t(-12)?
13
Let h(r) = -7*r**2 + 2*r + r**3 + 0*r**2 + 1 + 6. Suppose -4*m = -4*f + 24, -3*f + 26 = 4*m - 20. Calculate the remainder when h(7) is divided by f.
1
Suppose 5*i = 545 + 145. Suppose 30 + i = -8*h. Calculate the remainder when (6 - -1)*(-150)/h is divided by 27.
23
Suppose 2*s - 280 = -c, 2*s = 5*c - 236 - 1212. Calculate the remainder when c is divided by 88.
24
Let t(r) = -r - 26. Let q be t(-11). Let x(u) = 11*u + 185. What is the remainder when 57 is divided by x(q)?
17
What is the remainder when (13 + (-492)/72)*30 is divided by 20?
5
Let d be ((21/(-6) - -4)*0)/(-1). Suppose d = 2*c - a + 37, -2*a + 57 = -2*c - c. Let x = c + 196. Calculate the remainde